actor of 3474 and 144?
18
What is the greatest common factor of 2128 and 14?
14
Calculate the greatest common factor of 340 and 40.
20
Calculate the greatest common divisor of 470 and 10.
10
Calculate the greatest common factor of 68 and 31484.
68
Calculate the greatest common divisor of 114 and 4864.
38
Calculate the highest common divisor of 6962 and 118.
118
What is the highest common factor of 2673 and 99?
99
Calculate the highest common divisor of 2608 and 16.
16
What is the highest common factor of 847 and 21?
7
What is the greatest common factor of 2376 and 132?
132
What is the greatest common factor of 217 and 70?
7
Calculate the greatest common factor of 810 and 1944.
162
What is the greatest common factor of 49 and 2597?
49
What is the highest common factor of 345 and 3565?
115
Calculate the highest common divisor of 15 and 120.
15
Calculate the greatest common divisor of 3552 and 37.
37
Calculate the greatest common factor of 48 and 3.
3
Calculate the highest common divisor of 3630 and 110.
110
Calculate the greatest common factor of 44616 and 88.
88
What is the highest common divisor of 13140 and 73?
73
What is the highest common factor of 7370 and 469?
67
Calculate the highest common divisor of 193 and 4.
1
Calculate the highest common divisor of 552 and 1068.
12
Calculate the greatest common divisor of 14 and 14.
14
What is the greatest common factor of 10540 and 17?
17
Calculate the greatest common divisor of 160 and 360.
40
What is the greatest common divisor of 2104 and 88?
8
What is the greatest common factor of 256 and 8?
8
What is the highest common factor of 8888 and 11?
11
What is the highest common factor of 136 and 8?
8
What is the highest common divisor of 46328 and 16?
8
Calculate the highest common divisor of 130 and 26.
26
Calculate the greatest common divisor of 7750 and 5.
5
What is the greatest common divisor of 292 and 10804?
292
Calculate the greatest common divisor of 3899 and 14.
7
Calculate the greatest common factor of 15424 and 32.
32
What is the greatest common divisor of 378 and 28?
14
What is the greatest common divisor of 28 and 1134?
14
What is the greatest common factor of 1145 and 5?
5
Calculate the greatest common divisor of 560 and 2660.
140
What is the highest common divisor of 24 and 200?
8
Calculate the highest common divisor of 650 and 169.
13
What is the greatest common factor of 20 and 115?
5
What is the greatest common factor of 10 and 8?
2
Calculate the greatest common factor of 10 and 18790.
10
What is the greatest common divisor of 360 and 40?
40
What is the greatest common factor of 949 and 13?
13
Calculate the highest common factor of 775 and 50.
25
Calculate the highest common divisor of 13203 and 81.
81
What is the highest common divisor of 266 and 12901?
133
Calculate the greatest common divisor of 136 and 1416.
8
What is the greatest common divisor of 378 and 70?
14
Calculate the highest common factor of 32 and 1440.
32
What is the greatest common divisor of 81 and 5670?
81
Calculate the greatest common factor of 388 and 5335.
97
Calculate the highest common divisor of 585 and 6565.
65
What is the highest common divisor of 81 and 3?
3
What is the greatest common factor of 5594 and 6?
2
Calculate the greatest common divisor of 255 and 90.
15
What is the highest common factor of 6 and 116?
2
What is the greatest common divisor of 24 and 152?
8
Calculate the highest common factor of 144 and 816.
48
What is the highest common divisor of 680 and 255?
85
Calculate the greatest common divisor of 22 and 1012.
22
What is the greatest common factor of 1561 and 7?
7
What is the greatest common factor of 775 and 25?
25
What is the highest common factor of 65 and 125?
5
Calculate the highest common divisor of 1449 and 9.
9
Calculate the highest common divisor of 150 and 12.
6
What is the greatest common factor of 46 and 253?
23
What is the highest common factor of 75 and 600?
75
What is the greatest common factor of 61 and 1769?
61
Calculate the highest common factor of 348 and 12.
12
What is the highest common factor of 7452 and 6?
6
Calculate the highest common divisor of 4542 and 18.
6
Calculate the greatest common divisor of 102 and 2244.
102
Calculate the highest common divisor of 13 and 247.
13
Calculate the highest common factor of 637 and 49.
49
Calculate the highest common factor of 1363 and 29.
29
What is the greatest common divisor of 17 and 6239?
17
What is the highest common factor of 10 and 5715?
5
Calculate the greatest common factor of 50607 and 9.
9
Calculate the highest common factor of 510 and 1122.
102
Calculate the highest common factor of 621 and 115.
23
What is the highest common factor of 44 and 8?
4
What is the highest common divisor of 188 and 329?
47
Calculate the highest common factor of 37536 and 48.
48
Calculate the greatest common divisor of 402 and 90.
6
What is the greatest common factor of 959 and 7?
7
What is the greatest common factor of 528 and 240?
48
Calculate the greatest common divisor of 280 and 2170.
70
What is the greatest common divisor of 17 and 136?
17
What is the greatest common factor of 4606 and 147?
49
Calculate the greatest common divisor of 527 and 31.
31
Calculate the highest common divisor of 7067 and 573.
191
What is the highest common factor of 22 and 48103?
11
What is the greatest common divisor of 63 and 14?
7
What is the highest common divisor of 325 and 250?
25
Calculate the greatest common factor of 185 and 215.
5
What is the greatest common divisor of 150 and 345?
15
Calculate the highest common divisor of 288 and 180.
36
Calculate the highest common factor of 71 and 2.
1
Calculate the greatest common divisor of 63 and 462.
21
What is the highest common factor of 12 and 864?
12
Calculate the highest common divisor of 18 and 522.
18
Calculate the greatest common factor of 3838 and 1026.
38
Calculate the greatest common factor of 5901 and 294.
21
Calculate the highest common divisor of 275 and 33.
11
Calculate the greatest common divisor of 376 and 8.
8
What is the highest common factor of 9625 and 2695?
385
Calculate the greatest common divisor of 20 and 53160.
20
What is the highest common factor of 320 and 1056?
32
What is the highest common factor of 10736 and 32?
16
What is the greatest common factor of 391 and 644?
23
What is the highest common divisor of 40 and 56?
8
What is the highest common factor of 11 and 5?
1
What is the greatest common factor of 49 and 189?
7
Calculate the greatest common factor of 474 and 15405.
237
Calculate the greatest common factor of 48 and 17552.
16
Calculate the greatest common factor of 77 and 209.
11
Calculate the highest common factor of 20 and 60.
20
What is the greatest common factor of 3601 and 52?
13
Calculate the highest common divisor of 7011 and 123.
123
Calculate the highest common divisor of 8323 and 87.
29
Calculate the highest common factor of 9 and 63.
9
What is the highest common divisor of 136 and 918?
34
What is the greatest common factor of 12 and 1724?
4
Calculate the highest common divisor of 819 and 21.
21
Calculate the greatest common divisor of 1300 and 4800.
100
What is the highest common divisor of 45 and 205?
5
What is the greatest common divisor of 1288 and 49?
7
Calculate the greatest common factor of 282 and 2.
2
What is the greatest common factor of 20 and 992?
4
Calculate the greatest common divisor of 136 and 238.
34
Calculate the highest common divisor of 22 and 187.
11
What is the highest common divisor of 12 and 15?
3
Calculate the highest common divisor of 1045 and 3575.
55
Calculate the highest common divisor of 43 and 9761.
43
What is the greatest common divisor of 65 and 2080?
65
Calculate the highest common factor of 1764 and 36.
36
What is the greatest common divisor of 72 and 63?
9
What is the greatest common divisor of 306 and 6528?
102
What is the greatest common divisor of 5429 and 366?
61
Calculate the greatest common divisor of 2265 and 15.
15
What is the highest common divisor of 476 and 42?
14
Calculate the greatest common divisor of 10 and 2230.
10
What is the greatest common divisor of 4203 and 9?
9
Calculate the greatest common factor of 6 and 1579.
1
Calculate the greatest common divisor of 3645 and 3240.
405
What is the greatest common f